e l(p).
7
Let f(r) = -2*r**3 + 3*r**2 + 2*r - 3. Let x(j) = j**3 - j**2 - j + 1. Let o(q) = -2*f(q) - 5*x(q). Suppose 2*s - b = 0, 3*b + b = 3*s - 5. Give o(s).
0
Suppose -4*o - 36 = -4*n, n - 7*o + 3*o = 18. Let r(q) = -5*q + n + 1 - 6 + q**2. Let d(g) = -g**3 - g**2 + 1. Let i be d(-2). Determine r(i).
1
Let l(z) = -1 + z**2 - 1 - 2 - 5*z - 3. Give l(5).
-7
Suppose 4*l = -2*k - l - 18, l = -4*k. Let x(y) = -y + 2*y - 5*y**2 - 4*y**2 + 3*y**2. What is x(k)?
-5
Let t(d) = d - 7. Let p be t(9). Let j(i) = 12*i**3 + 5*i**2 - 11*i**3 - p*i + 5*i. Calculate j(-2).
6
Let n(c) = -2*c - 6. Let d(b) be the second derivative of b**4/12 + 5*b**3/6 - 5*b**2/2 - b. Let q be d(-5). Calculate n(q).
4
Let x(a) = -4*a**2 - 2*a + 1. Let s be 3 - (-2)/(4 + -2). Suppose -5*i + 3*i = s*l, -2*i = 2*l + 2. Give x(l).
-5
Let g(t) = -58 + 20 + 32 - t + 3*t. Suppose 4*b = -5*n + 36, 4*b - n = 1 + 35. Let j be (-6)/b*(-15)/2. What is g(j)?
4
Let k(i) = -i**3 + 5*i**2 + 5*i + 3. Let g be k(6). Suppose a - 2*a + 3 = 0. Let n(c) = 5*c + 1 - 3*c + 0*c - c**a - 2*c**2 + 0*c**3. Calculate n(g).
4
Let u be 2/6 - 272/(-12). Let p be -9 + u + 1 + -3. Let f(l) = -6 + 6 - p*l**2. Calculate f(1).
-12
Let p(w) = -1. Let v(i) = -i**3 - 3. Let b(h) = 2*p(h) + v(h). Give b(0).
-5
Let b be 6 - (0 + 2) - -1. Suppose -3*q - b*f + 10*f = 25, -4*q - f = 18. Let h be q/(-3) + (-2)/3. Let d(i) = -4*i**2 - i. What is d(h)?
-5
Let r = 0 + -1. Let i(n) = 390*n. Let a(c) be the third derivative of 13*c**4/24 - c**2. Let b(t) = -91*a(t) + 3*i(t). Give b(r).
13
Let n(t) = t**2 + 2 - t + 10 - 4 + 3. Calculate n(0).
11
Let y(u) = 2*u**3 + 3*u**2 + 3*u + 2. Let b = -6 - -2. Let d be 6*1*(-6)/b. Let x(j) = j**2 - 9*j - 2. Let w be x(d). Calculate y(w).
-8
Let a(x) be the first derivative of -2*x**2 + 3*x + 11. What is a(3)?
-9
Let k(y) = -y. Suppose -3*o + 23 = 5*i - 3*i, -2*o = -3*i + 2. Suppose i*s = s. Suppose -q - g = 4*q - 23, 5*g + 10 = s. What is k(q)?
-5
Let f(o) = 5*o**2 - 5*o - 51. Let h(c) = -c**2 + c + 10. Let n(g) = -2*f(g) - 11*h(g). Let d = -2 + 2. Give n(d).
-8
Let u(m) be the third derivative of m**5/60 + 5*m**4/24 - 5*m**3/6 - 17*m**2. Calculate u(-5).
-5
Let v = 4 - -2. Let o(m) = -v*m - 6*m + 3*m - 1. Determine o(1).
-10
Suppose -2*n - n = -3. Suppose -q = -5*q + 3*y + 1, -2*y = -3*q. Let v be (3 - n)*(-1)/q. Let o(z) = -4*z - 1. Calculate o(v).
-5
Let x be (6/5)/((-2)/(-15)). Let h be ((-3)/x)/(1/(-9)). Let p(k) = 4 + k**h - k - k**3 + 6*k**2 - k**3 - 7*k. What is p(5)?
-11
Let z(d) = -d**2 - 4*d. Let g be z(-3). Let w(u) = 2*u**2 + 3 - u**2 - u**g - 3*u**2 - 2*u - 2*u**2. Give w(-4).
11
Let s(c) = c - 8. Let m(h) = -2*h + 17. Let g(z) = -6*m(z) - 13*s(z). Let f(x) = -x - 5. Let d be (-15 + 16)/((-1)/7). Let r be f(d). Determine g(r).
0
Let h(s) = -s**2 - 4*s + 1. Suppose 0 = j - 5, 5*r + 28 = 2*r - j. Let w = r + -1. Let d = w + 8. Determine h(d).
1
Let v(o) = -7*o**2 - 6*o. Let c(d) = -d**2 - d. Let b(n) = 6*c(n) - v(n). Give b(0).
0
Suppose -2*w = w - 9, -5*b + 12 = 4*w. Suppose 0 = -b*v + v - 5. Let n(c) be the third derivative of -c**5/60 + c**4/4 + c**3/2 - 5*c**2. Determine n(v).
8
Let r(c) be the third derivative of -c**4/24 - 2*c**3/3 - c**2. Suppose 3*j + 5*d = -j - 11, 5*d + 3 = -2*j. Let h = 1 + j. Determine r(h).
-1
Suppose 32*z - 29*z - 6 = 0. Let s(t) = -10*t - 7. Let x(h) = -4*h + 1 - 3 + h. Let c(g) = 2*s(g) - 7*x(g). Calculate c(z).
2
Let m be ((-4)/10)/(2/(-10)). Let z(j) = j**3 + 2*j**m + 4*j + 2*j**2 + 2*j**2 - 4. Let k(w) = -w - 1. Let s be k(4). What is z(s)?
1
Let o(m) = -2 + 7 - 12 - 3*m. Determine o(-5).
8
Let z(o) = -3 + 3 - o**2 - 2 - 5*o. Suppose b - 24 = 7*b. Calculate z(b).
2
Let y(k) = k**2 - 4*k - 4. Let u be y(5). Let v(m) be the second derivative of -m + 0*m**2 - 5/6*m**3 + 0. Calculate v(u).
-5
Let b(a) be the third derivative of 5/24*a**4 + 0 + 0*a - 2/3*a**3 + 1/60*a**5 + 2*a**2. Calculate b(-5).
-4
Let g(l) = -3*l**2 + 2*l + 1. Suppose 5*f - 47 = -3*x + 14, 0 = 5*x - 3*f - 45. Let d be (4/6)/(4/x). Calculate g(d).
-7
Let i(l) be the third derivative of -l**4/8 + l**3/2 - 5*l**2. Let g = 7 - 5. Give i(g).
-3
Let a(b) = b**2 + 13*b - 3. Let l be a(-13). Let i(k) = k**3 + 2*k**2 - 4*k - 3. Calculate i(l).
0
Suppose 5*u - 2*h - 45 = -7*h, 3*u - 32 = -4*h. Let q(d) be the second derivative of -1/2*d**2 + 0*d**3 - 1/2*d**u + d + 0. Give q(1).
-7
Let l = -15 - -27. Suppose -4*c - l = -c. Let z(i) = i - 4. Calculate z(c).
-8
Let l(q) = -9*q**2. Suppose -46 + 40 = 6*t. What is l(t)?
-9
Let s = -7 - -6. Let l(z) = 4*z**2 + 1. Let y be l(s). Let f = 7 - y. Let b(j) = -4*j + 3. Give b(f).
-5
Let f(o) = -o**2 - 4*o - 3. Let k be f(-2). Let v(r) = 27*r - 15*r - 1 - 6*r. Calculate v(k).
5
Let a(v) be the third derivative of 1/20*v**5 + 1/2*v**3 + 0 - v**2 + 0*v + 1/120*v**6 - 1/12*v**4. Give a(-3).
9
Suppose -14 = 2*s + t + 2*t, -4*t = 8. Let w(d) = 1 + 0*d - d**2 - 9*d + 6*d. Give w(s).
-3
Let l = 8 + -17. Let r be 1/((-3)/l - 0). Let j(f) = f**2 - 3*f - 4. What is j(r)?
-4
Let b(j) = j**2 + 15*j + 59. Let s be b(-6). Let d(c) = -c**3 + 5*c**2 + 3*c - 5. Determine d(s).
10
Suppose 2*l = -3*l - 5*c + 10, -5*c = -2*l + 11. Suppose 0*o = -l*o - 6. Let t(h) = -h**3 - 3*h**2 - 3*h - 1. Give t(o).
1
Let y(w) = -w**2 - 4*w + 1. Suppose 18 = -5*g + 63. Let z be (6/g)/((-1)/6). Let j be z + ((-1)/1 - -2). What is y(j)?
4
Let q = 14 + -15. Let p(o) = 8*o**3 + 2*o**2 + 2*o + 1. Determine p(q).
-7
Let s(q) = -q**2 + q + 1. Let t(u) = -u**3 - 12*u**2 - u + 7. Let d(x) = -5*s(x) + t(x). Give d(-6).
2
Let t(s) = 7*s**2 - 11*s + 11. Let b(j) = 4*j**2 - 6*j + 6. Let m be -15 + 8 - (-2 - -1). Suppose 2*p + 55 = 7*p. Let u(l) = m*t(l) + p*b(l). Calculate u(1).
2
Let l(h) be the third derivative of h**6/120 + 2*h**5/15 - 7*h**4/12 - 13*h**3/6 - h**2 + 1. Calculate l(-9).
32
Let q(z) be the first derivative of -z**3/3 - 5*z**2/2 + 5*z + 13. Give q(-5).
5
Let r = 6 + -2. Let p(b) = r*b + 0 - 5*b + b**2 - 1 - 4*b. Give p(5).
-1
Let y(a) = a**2 - 5*a + 3. Suppose -11*q = -16*q + 25. Give y(q).
3
Let t(m) be the second derivative of -3*m**2 + 0 + 3*m - 1/2*m**3. Determine t(-4).
6
Let p(n) = -n - 2. Let t(x) = x + 2. Let m(y) = -4*p(y) - 3*t(y). Suppose 5*l - 21 = -4*f, 5*l + 2 = 7. Suppose o - f = -0*o. Determine m(o).
6
Suppose 8 = 4*o - 3*a, -a + 3 = -1. Let x(p) = -p**2 + 7*p + 6. Determine x(o).
16
Let m(l) = l**2 + 5*l + 5. Let s(z) = -z**2 - 4*z - 4. Let t(b) = -4*m(b) - 5*s(b). Suppose -4*i - 4*i - 16 = 0. Give t(i).
4
Suppose 3*c = c + 28. Let s(t) = 9*t**2 + c*t - 3 + t**3 - 12*t - 4*t**2. What is s(-4)?
5
Let w(g) = g**2 - 8*g - 1. Let k(y) = -y**2 + 7*y + 2. Let f(h) = -4*k(h) - 3*w(h). Give f(-4).
27
Let a be (-44)/(-12) + 4/(-6). Let m(v) = 3*v - 4. Let g be m(a). Let n be 1/(9/g + -2). Let x(c) = c**2 + 6*c + 6. Give x(n).
1
Let b(x) = 32*x - 15. Let j(y) = 6*y - 3. Let g(c) = -2*b(c) + 11*j(c). Calculate g(2).
1
Let r(b) = -b**2 + 6*b. Suppose 0 = 2*s + 2*s + 4*u + 20, 3*u = 5*s + 25. Let p = 6 + s. Let w be 6 - (-1)/(p/(-1)). What is r(w)?
5
Suppose -10*p - 4 = -54. Let z(u) = u - 4. Calculate z(p).
1
Let u(x) = x**2 + 2*x - 3. Let k = -14 + 11. What is u(k)?
0
Let v be 4*((-2)/(-4) + (4 - 5)). Let h(a) = 4*a**3 + 6*a**2 + 8*a + 7. Let b(f) = -5*f**3 - 7*f**2 - 9*f - 8. Let u(z) = 5*b(z) + 6*h(z). Determine u(v).
8
Let o be (-160)/(-26) + (-16)/104. Let f(j) = -6*j**2 - 12*j + 5. Let z(u) = 7*u**2 + 13*u - 6. Let p(q) = o*f(q) + 5*z(q). Give p(-5).
10
Let t = 1 + 3. Suppose -h + 15 = t*h. Suppose -3*m + 0*m = -4*s + 22, -h*s = -m - 14. Let p(i) = i**2 - 5*i + 5. Determine p(s).
1
Let s(h) = -h + 3. Suppose -3*t = 24 - 108. Suppose -2*b - 2*j = -3*b + 4, 4*b - t = 2*j. What is s(b)?
-5
Let n(i) = -11*i**3 - 11. Let y(t) = -4*t**3 - 4. Let r(o) = 3*n(o) - 8*y(o). Suppose 0 = -5*p + 4 + 6. Suppose 0 - 7 = p*d + g, -5*d + 2 = -4*g. Give r(d).
7
Let q be (1 - (-1 - -1)) + 1. Let u(i) be the third derivative of 2*i**2 + 0*i + 0 - 1/24*i**4 - 1/120*i**6 + 1/3*i**3 + 1/60*i**5. What is u(q)?
-4
Let o(p) = 3 + 9 - 9 + 2*p**2 - p. What is o(3)?
18
Let p(q) be the first derivative of -5/2*q**2 - 5*q + q**3 + 1/4*q**4 - 1. Determine p(-4).
-1
Let q = -13 + 7. Let h(c) = -3*c**3 - 7*c**2 - 2*c + 9. Let z(p) = p**3 - p - 1. Let v(y) = h(y) + 2*z(y). Calculate v(q).
-5
Let 